he remainder when 809 is divided by 10?
9
Calculate the remainder when 446752 is divided by 7.
5
Calculate the remainder when 2199 is divided by 53.
26
Calculate the remainder when 10695 is divided by 75.
45
What is the remainder when 308 is divided by 102?
2
Calculate the remainder when 22710 is divided by 98.
72
What is the remainder when 885 is divided by 39?
27
What is the remainder when 100433 is divided by 238?
235
What is the remainder when 1258 is divided by 99?
70
Calculate the remainder when 18308 is divided by 69.
23
What is the remainder when 75691 is divided by 233?
199
What is the remainder when 26573 is divided by 2579?
783
Calculate the remainder when 6405 is divided by 194.
3
Calculate the remainder when 2435 is divided by 1158.
119
Calculate the remainder when 1753 is divided by 192.
25
What is the remainder when 4260 is divided by 406?
200
Calculate the remainder when 11083 is divided by 83.
44
What is the remainder when 140922 is divided by 28184?
2
Calculate the remainder when 3863 is divided by 323.
310
Calculate the remainder when 2275 is divided by 23.
21
Calculate the remainder when 186574 is divided by 325.
24
What is the remainder when 81432 is divided by 357?
36
Calculate the remainder when 6400 is divided by 220.
20
What is the remainder when 33586 is divided by 287?
7
Calculate the remainder when 88107 is divided by 773.
758
Calculate the remainder when 7086 is divided by 1975.
1161
Calculate the remainder when 4884 is divided by 5.
4
Calculate the remainder when 113093 is divided by 38.
5
Calculate the remainder when 78626 is divided by 154.
86
What is the remainder when 5606 is divided by 2688?
230
What is the remainder when 4241 is divided by 103?
18
Calculate the remainder when 512351 is divided by 18298.
7
What is the remainder when 727074 is divided by 27964?
10
What is the remainder when 247850 is divided by 123897?
56
Calculate the remainder when 108137 is divided by 1772.
45
Calculate the remainder when 5706 is divided by 760.
386
What is the remainder when 2324514 is divided by 19?
16
Calculate the remainder when 42826 is divided by 498.
496
What is the remainder when 54493 is divided by 32?
29
Calculate the remainder when 25709 is divided by 10.
9
What is the remainder when 22527 is divided by 2026?
241
Calculate the remainder when 1085052 is divided by 4.
0
What is the remainder when 4769 is divided by 71?
12
Calculate the remainder when 18587 is divided by 18587.
0
Calculate the remainder when 180268 is divided by 79.
69
Calculate the remainder when 11473 is divided by 76.
73
Calculate the remainder when 93317 is divided by 3888.
5
What is the remainder when 286434 is divided by 220?
214
Calculate the remainder when 50767 is divided by 304.
303
Calculate the remainder when 346243 is divided by 563.
561
What is the remainder when 89674 is divided by 477?
475
Calculate the remainder when 200573 is divided by 481.
477
Calculate the remainder when 142891 is divided by 624.
619
What is the remainder when 2152 is divided by 54?
46
Calculate the remainder when 192276 is divided by 11.
7
Calculate the remainder when 5492 is divided by 167.
148
What is the remainder when 8346 is divided by 348?
342
Calculate the remainder when 2629181 is divided by 16.
13
Calculate the remainder when 9751 is divided by 18.
13
What is the remainder when 2155 is divided by 13?
10
Calculate the remainder when 21417 is divided by 368.
73
What is the remainder when 697014 is divided by 302?
300
What is the remainder when 21977 is divided by 96?
89
Calculate the remainder when 70816 is divided by 29.
27
Calculate the remainder when 21419 is divided by 51.
50
What is the remainder when 46 is divided by 11?
2
What is the remainder when 9822 is divided by 545?
12
What is the remainder when 10910 is divided by 295?
290
What is the remainder when 834497 is divided by 518?
517
Calculate the remainder when 11173 is divided by 2311.
1929
What is the remainder when 34633 is divided by 5771?
7
Calculate the remainder when 27317 is divided by 607.
2
Calculate the remainder when 107255 is divided by 41.
40
Calculate the remainder when 3874 is divided by 185.
174
What is the remainder when 241144 is divided by 1710?
34
Calculate the remainder when 136114 is divided by 76.
74
Calculate the remainder when 6702 is divided by 41.
19
Calculate the remainder when 25787 is divided by 32.
27
Calculate the remainder when 985905 is divided by 10834.
11
What is the remainder when 79651 is divided by 561?
550
Calculate the remainder when 148618 is divided by 445.
433
Calculate the remainder when 74943 is divided by 892.
15
What is the remainder when 3969 is divided by 360?
9
What is the remainder when 29655 is divided by 27?
9
Calculate the remainder when 1683 is divided by 1500.
183
What is the remainder when 88922 is divided by 111?
11
What is the remainder when 1812 is divided by 605?
602
Calculate the remainder when 29667 is divided by 15.
12
Calculate the remainder when 7678 is divided by 1156.
742
What is the remainder when 10054 is divided by 136?
126
What is the remainder when 9916 is divided by 38?
36
What is the remainder when 15466 is divided by 72?
58
What is the remainder when 15254 is divided by 14924?
330
Calculate the remainder when 3060 is divided by 1738.
1322
What is the remainder when 2667 is divided by 23?
22
What is the remainder when 41295 is divided by 10310?
55
Calculate the remainder when 10036 is divided by 127.
3
Calculate the remainder when 1786 is divided by 1745.
41
Calculate the remainder when 21570 is divided by 124.
118
Calculate the remainder when 105149 is divided by 53.
50
Calculate the remainder when 938 is divided by 373.
192
Calculate the remainder when 4249 is divided by 1323.
280
What is the remainder when 223458 is divided by 1123?
1104
What is the remainder when 7552 is divided by 216?
208
What is the remainder when 40876 is divided by 112?
108
Calculate the remainder when 3635 is divided by 291.
143
What is the remainder when 2160 is divided by 517?
92
What is the remainder when 15349 is divided by 15348?
1
Calculate the remainder when 1332018 is divided by 1058.
1054
What is the remainder when 723 is divided by 50?
23
What is the remainder when 84799 is divided by 44?
11
Calculate the remainder when 96245 is divided by 125.
120
Calculate the remainder when 11674 is divided by 42.
40
What is the remainder when 4552 is divided by 649?
9
Calculate the remainder when 2719 is divided by 124.
115
What is the remainder when 104079 is divided by 51?
39
What is the remainder when 6000 is divided by 391?
135
Calculate the remainder when 11075 is divided by 168.
155
What is the remainder when 2752 is divided by 951?
850
What is the remainder when 14829 is divided by 65?
9
What is the remainder when 35082 is divided by 15?
12
Calculate the remainder when 10708 is divided by 123.
7
What is the remainder when 1941702 is divided by 221?
217
What is the remainder when 250289 is divided by 2?
1
What is the remainder when 2762 is divided by 1359?
44
Calculate the remainder when 3632 is divided by 365.
347
Calculate the remainder when 1314059 is divided by 1452.
1451
Calculate the remainder when 2315 is divided by 63.
47
What is the remainder when 24765 is divided by 138?
63
What is the remainder when 525140 is divided by 858?
44
What is the remainder when 264 is divided by 116?
32
Calculate the remainder when 13486 is divided by 73.
54
Calculate the remainder when 99095 is divided by 49478.
139
What is the remainder when 12573 is divided by 932?
457
Calculate the remainder when 1551 is divided by 257.
9
Calculate the remainder when 11404 is divided by 16.
12
What is the remainder when 12417 is divided by 168?
153
Calculate the remainder when 5781 is divided by 577.
11
Calculate the remainder when 132656 is divided by 53.
50
Calculate the remainder when 10483 is divided by 262.
3
What is the remainder when 53360 is divided by 350?
160
Calculate the remainder when 20109 is divided by 48.
45
Calculate the remainder when 44926 is divided by 26.
24
Calculate the remainder when 86329 is divided by 1512.
145
Calculate the remainder when 19342 is divided by 104.
102
Calculate the remainder when 904 is divided by 713.
191
Calculate t